 33875?
5, 271
List the prime factors of 6132.
2, 3, 7, 73
What are the prime factors of 24916?
2, 6229
What are the prime factors of 10636?
2, 2659
What are the prime factors of 1315?
5, 263
List the prime factors of 92.
2, 23
What are the prime factors of 3525?
3, 5, 47
What are the prime factors of 14906?
2, 29, 257
What are the prime factors of 16112?
2, 19, 53
List the prime factors of 13128.
2, 3, 547
List the prime factors of 365.
5, 73
What are the prime factors of 4892?
2, 1223
What are the prime factors of 61403?
61403
What are the prime factors of 266?
2, 7, 19
List the prime factors of 72664.
2, 31, 293
List the prime factors of 2250.
2, 3, 5
What are the prime factors of 856?
2, 107
What are the prime factors of 8923?
8923
What are the prime factors of 20070?
2, 3, 5, 223
What are the prime factors of 2314?
2, 13, 89
List the prime factors of 14705.
5, 17, 173
List the prime factors of 20342.
2, 7, 1453
List the prime factors of 3485.
5, 17, 41
What are the prime factors of 270?
2, 3, 5
List the prime factors of 6740.
2, 5, 337
List the prime factors of 11435.
5, 2287
What are the prime factors of 994?
2, 7, 71
What are the prime factors of 2275?
5, 7, 13
List the prime factors of 1218.
2, 3, 7, 29
What are the prime factors of 5696?
2, 89
List the prime factors of 210.
2, 3, 5, 7
List the prime factors of 10631.
10631
List the prime factors of 17570.
2, 5, 7, 251
List the prime factors of 10170.
2, 3, 5, 113
List the prime factors of 10934.
2, 7, 11, 71
What are the prime factors of 21039?
3, 7013
List the prime factors of 20477.
20477
What are the prime factors of 6510?
2, 3, 5, 7, 31
List the prime factors of 1010.
2, 5, 101
List the prime factors of 2856.
2, 3, 7, 17
List the prime factors of 4233.
3, 17, 83
List the prime factors of 10751.
13, 827
What are the prime factors of 4?
2
What are the prime factors of 13903?
13903
List the prime factors of 214.
2, 107
What are the prime factors of 15333?
3, 19, 269
List the prime factors of 88245.
3, 5, 37, 53
List the prime factors of 9854.
2, 13, 379
List the prime factors of 6734.
2, 7, 13, 37
What are the prime factors of 696?
2, 3, 29
What are the prime factors of 163?
163
What are the prime factors of 53492?
2, 43, 311
List the prime factors of 830.
2, 5, 83
What are the prime factors of 3454?
2, 11, 157
List the prime factors of 23639.
7, 11, 307
What are the prime factors of 3428?
2, 857
List the prime factors of 34122.
2, 3, 11, 47
What are the prime factors of 1722?
2, 3, 7, 41
List the prime factors of 10633.
7, 31
List the prime factors of 1346.
2, 673
What are the prime factors of 10168?
2, 31, 41
What are the prime factors of 1255?
5, 251
List the prime factors of 13064.
2, 23, 71
List the prime factors of 66440.
2, 5, 11, 151
List the prime factors of 6467.
29, 223
What are the prime factors of 41660?
2, 5, 2083
List the prime factors of 32400.
2, 3, 5
What are the prime factors of 427?
7, 61
What are the prime factors of 2438?
2, 23, 53
What are the prime factors of 168077?
7, 13, 1847
List the prime factors of 6427.
6427
What are the prime factors of 48147?
3, 11, 1459
What are the prime factors of 42083?
42083
What are the prime factors of 94011?
3, 31337
List the prime factors of 118405.
5, 7, 17, 199
What are the prime factors of 25413?
3, 43, 197
List the prime factors of 31797.
3, 3533
List the prime factors of 1454.
2, 727
What are the prime factors of 43425?
3, 5, 193
List the prime factors of 9045.
3, 5, 67
What are the prime factors of 19635?
3, 5, 7, 11, 17
What are the prime factors of 16572?
2, 3, 1381
List the prime factors of 6982.
2, 3491
List the prime factors of 668.
2, 167
What are the prime factors of 992?
2, 31
List the prime factors of 1658.
2, 829
What are the prime factors of 4638?
2, 3, 773
List the prime factors of 10707.
3, 43, 83
List the prime factors of 13690.
2, 5, 37
What are the prime factors of 86051?
7, 19, 647
List the prime factors of 1579.
1579
List the prime factors of 885.
3, 5, 59
List the prime factors of 1804.
2, 11, 41
List the prime factors of 2034.
2, 3, 113
List the prime factors of 70460.
2, 5, 13, 271
List the prime factors of 2371.
2371
List the prime factors of 54759.
3, 18253
What are the prime factors of 3070?
2, 5, 307
List the prime factors of 22209.
3, 11, 673
List the prime factors of 2158.
2, 13, 83
List the prime factors of 32594.
2, 43, 379
List the prime factors of 21464.
2, 2683
List the prime factors of 32128.
2, 251
List the prime factors of 21134.
2, 10567
What are the prime factors of 26560?
2, 5, 83
List the prime factors of 325.
5, 13
List the prime factors of 3071.
37, 83
What are the prime factors of 34975?
5, 1399
What are the prime factors of 22811?
22811
What are the prime factors of 11790?
2, 3, 5, 131
List the prime factors of 563.
563
List the prime factors of 435.
3, 5, 29
What are the prime factors of 2742?
2, 3, 457
What are the prime factors of 680?
2, 5, 17
List the prime factors of 15712.
2, 491
List the prime factors of 327.
3, 109
What are the prime factors of 24696?
2, 3, 7
What are the prime factors of 4295?
5, 859
What are the prime factors of 22765?
5, 29, 157
List the prime factors of 28269.
3, 349
What are the prime factors of 2043?
3, 227
List the prime factors of 745.
5, 149
List the prime factors of 12356.
2, 3089
What are the prime factors of 4824?
2, 3, 67
What are the prime factors of 91059?
3, 127, 239
What are the prime factors of 1680?
2, 3, 5, 7
What are the prime factors of 12793?
11, 1163
What are the prime factors of 7652?
2, 1913
List the prime factors of 147.
3, 7
What are the prime factors of 61977?
3, 73, 283
List the prime factors of 1804.
2, 11, 41
List the prime factors of 2719.
2719
What are the prime factors of 31796?
2, 7949
List the prime factors of 1754.
2, 877
List the prime factors of 6729.
3, 2243
What are the prime factors of 3775?
5, 151
List the prime factors of 47977.
47977
What are the prime factors of 2306?
2, 1153
What are the prime factors of 429?
3, 11, 13
List the prime factors of 532.
2, 7, 19
What are the prime factors of 11432?
2, 1429
What are the prime factors of 107286?
2, 3, 17881
List the prime factors of 4059.
3, 11, 41
List the prime factors of 6052.
2, 17, 89
List the prime factors of 131485.
5, 26297
List the prime factors of 60382.
2, 7, 19, 227
List the prime factors of 12017.
61, 197
List the prime factors of 4825.
5, 193
What are the prime factors of 2442?
2, 3, 11, 37
List the prime factors of 61044.
2, 3, 5087
What are the prime factors of 2009?
7, 41
What are the prime factors of 3672?
2, 3, 17
What are the prime factors of 1224?
2, 3, 17
What are the prime factors of 6677?
11, 607
What are the prime factors of 95631?
3, 127, 251
List the prime factors of 1498.
2, 7, 107
List the prime factors of 4049.
4049
List the prime factors of 1734.
2, 3, 17
List the prime factors of 50753.
50753
What are the prime factors of 2461?
23, 107
List the prime factors of 11188.
2, 2797
What are the prime factors of 821?
821
List the prime factors of 2495.
5, 499
What are the prime factors of 12127?
67, 181
List the prime factors of 11078.
2, 29, 191
What are the prime factors of 5143?
37, 139
List the prime factors of 2040.
2, 3, 5, 17
What are the prime factors of 40505?
5, 8101
What are the prime factors of 75845?
5, 7, 11, 197
List the prime factors of 214.
2, 107
List the prime factors of 7882.
2, 7, 563
List the prime factors of 2771.
17, 163
List the prime factors of 57249.
3, 6361
What are the prime factors of 141?
3, 47
What are the prime factors of 830?
2, 5, 83
List the prime factors of 3973.
29, 137
List the prime factors of 3235.
5, 647
List the prime factors of 7147.
7, 1021
List the prime factors of 4536.
2, 3, 7
List the prime factors of 20897.
20897
List the prime factors of 12289.
12289
List the prime factors of 41.
41
What are the prime factors of 1354?
2, 677
List the prime factors of 302.
2, 151
List the prime factors of 852.
2, 3, 71
What are the prime factors of 39124?
2, 9781
What are the prime factors of 8049?
3, 2683
What are the prime factors of 130?
2, 5, 13
What are the prime factors of 324?
2, 3
List the prime factors of 111039.
3, 37013
What are the prime factors of 18763?
29, 647
List the prime factors o